ne s(5).
-1283
Let w(a) = -2*a**3 - 17*a**2 - 10*a - 27. Determine w(-8).
-11
Let a(s) = -2*s**3 + 43*s**2 - 24*s - 35. Determine a(21).
-98
Let q(o) = o**2 + 7025*o + 70150. What is q(-10)?
0
Let j(g) = 254*g**3 + g**2 - 2. What is j(1)?
253
Let n(q) = -q**3 - 17*q**2 - 51*q - 9. Determine n(-12).
-117
Let n(y) = -7*y**2 + 24*y + 61. Determine n(10).
-399
Let i(x) = -367*x - 5873. Calculate i(-16).
-1
Let i(o) = -45*o - 211. Calculate i(-5).
14
Let g(r) = -32*r - 365. Determine g(-14).
83
Let b(s) = -26*s - 1068. Determine b(-40).
-28
Let p(m) = 3*m**2 - 69*m + 51. Calculate p(22).
-15
Let g(p) = p**2 + 12*p - 59. Give g(6).
49
Let f(i) = -i**2 + 37*i - 132. Determine f(32).
28
Let i(a) = -106*a**3 - 3*a**2 - 98*a - 96. Calculate i(-1).
105
Let g(w) = 3*w**3 - 188*w**2 - 799*w + 1. What is g(-4)?
-3
Let p(r) = -r**3 - 36*r + 202. What is p(4)?
-6
Let x(m) = -168*m - 9014. Determine x(-54).
58
Let v(s) = -22*s - 14. What is v(-7)?
140
Let j(s) = 17*s - 342. Determine j(-28).
-818
Let p(o) = -2884*o - 20195. What is p(-7)?
-7
Let t(b) = 5*b**3 + 36*b**2 - 128*b + 104. Give t(-10).
-16
Let t(x) = 235*x + 1680. What is t(-7)?
35
Let q(u) = -3*u**2 - 47*u + 180. What is q(-18)?
54
Let x(h) = 2*h**2 - 30*h - 23. Determine x(15).
-23
Let z(g) = 1125*g - 753. What is z(1)?
372
Let g(n) = n**2 - 564*n - 24150. Give g(-40).
10
Let w(r) = -9*r - 199. Give w(-10).
-109
Let h(t) = 2*t**3 + 24*t**2 + 37*t - 8. Give h(-10).
22
Let c(i) = 523*i - 54375. Determine c(104).
17
Let p(m) = 17724*m + 212685. Calculate p(-12).
-3
Let j(o) = o**2 - 22*o - 255. Determine j(-8).
-15
Let f(q) = q**3 + 130*q**2 + 266*q + 1257. What is f(-128)?
-23
Let w(i) = i**3 + 67*i**2 - 66*i + 74. What is w(-68)?
-62
Let d(q) = 12*q**2 - 361*q + 28. Give d(30).
-2
Let i(w) = w**3 - 13*w**2 - 44*w - 71. Give i(16).
-7
Let x(d) = -6*d**2 + 8*d - 234. What is x(0)?
-234
Let s(y) = y**3 + 36*y**2 + 31*y - 2. Calculate s(-35).
138
Let g(y) = -195*y + 1098. What is g(5)?
123
Let h(k) = -k**2 - 9*k - 21. Give h(11).
-241
Let k(t) = -t**3 - 32*t**2 + 143*t + 72. What is k(-36)?
108
Let u(z) = 14*z - 83. Give u(6).
1
Let d(n) = -n**2 + 109*n - 960. What is d(10)?
30
Let d(t) = -81*t**2 - 33*t + 98. Determine d(4).
-1330
Let o(m) = -205*m + 2206. What is o(11)?
-49
Let c(u) = -u**2 - 2623*u + 26328. Determine c(10).
-2
Let m(a) = a**3 - 15*a**2 + 34*a + 85. Calculate m(11).
-25
Let v(m) = -2*m**3 + 66*m**2 - 66*m + 91. What is v(32)?
27
Let g(c) = 3*c**2 - 19*c + 98. Determine g(7).
112
Let h(k) = 7*k**2 - 58*k + 129. What is h(5)?
14
Let l(y) = 29*y**2 + 1502*y - 301. Determine l(-52).
11
Let r(g) = 14*g + 231. Give r(-18).
-21
Let p(k) = 356*k**2 - 349*k - 1. What is p(1)?
6
Let q(d) = -58*d + 1094. Calculate q(19).
-8
Let t(w) = -w**3 + 24*w**2 - 53*w + 187. What is t(22)?
-11
Let d(n) = -n**2 - 7*n + 39. What is d(4)?
-5
Let a(f) = -30837*f + 493389. Calculate a(16).
-3
Let a(r) = -4*r - 59. What is a(-6)?
-35
Let f(b) = -3*b**3 - 210*b**2 + 24*b + 1650. Give f(-70).
-30
Let k(c) = -2358*c + 4703. What is k(2)?
-13
Let c(h) = -h**3 - 3*h**2 + 375*h - 57. Determine c(-21).
6
Let o(m) = 13*m - 144. What is o(-19)?
-391
Let o(k) = -317*k - 10290. What is o(-32)?
-146
Let i(u) = -6*u**2 - 323*u - 275. Determine i(-53).
-10
Let n(q) = -q**3 - 9*q**2 - 22*q - 3. Determine n(-4).
5
Let q(d) = -98*d**2 + 487*d + 7. Calculate q(5).
-8
Let x(v) = -84*v + 311. Determine x(0).
311
Let u(y) = 4*y**2 - 12*y - 57. Give u(6).
15
Let z(g) = 5*g - 229. Calculate z(49).
16
Let x(r) = -41*r**2 + 80*r - 8. Calculate x(3).
-137
Let u(m) = 170*m + 2979. Determine u(-18).
-81
Let a(b) = b**3 + 11*b**2 - 11*b + 21. Calculate a(-12).
9
Let w(f) = -3191*f + 108490. Calculate w(34).
-4
Let k(c) = -c**2 + 43*c - 321. Determine k(9).
-15
Let h(s) = s**3 + 77*s**2 - 116*s - 8945. Determine h(-77).
-13
Let m(s) = -312*s**2 - 9361*s - 29. Give m(-30).
1
Let i(t) = -2*t**2 + 880. Give i(-21).
-2
Let q(k) = -64*k - 1250. What is q(-15)?
-290
Let f(j) = -j**2 + 126*j + 839. Calculate f(-6).
47
Let d(s) = -2*s**3 - 14*s**2 - 6*s + 2. Calculate d(-7).
44
Let f(h) = 630*h**2 - 8189*h - 5. Determine f(13).
8
Let j(p) = -11029*p - 77181. What is j(-7)?
22
Let u(m) = -m**3 + 5*m**2 - 664*m + 4011. Determine u(6).
-9
Let t(a) = -365*a + 4225. Calculate t(11).
210
Let a(c) = -c**3 - 10*c**2 + 31*c + 338. What is a(-9)?
-22
Let g(v) = v**2 - 9*v + 74. Calculate g(0).
74
Let d(s) = -5*s**3 + 74*s**2 + 34*s - 276. Determine d(15).
9
Let k(o) = -13258*o + 26517. Give k(2).
1
Let v(a) = 561*a + 10116. Calculate v(-18).
18
Let m(x) = x**3 + 10*x**2 + 27*x - 57. What is m(-8)?
-145
Let w(s) = -320*s + 13758. Calculate w(43).
-2
Let a(d) = -d**3 + 38*d**2 - 195*d + 9121. Give a(39).
-5
Let x(b) = -41*b**2 - 230*b + 115. Determine x(-6).
19
Let o(w) = -w**2 - 886*w + 10782. Give o(12).
6
Let k(v) = -2*v**3 + 49*v**2 - 70*v + 26. Calculate k(23).
3
Let t(r) = -261*r + 3656. Determine t(14).
2
Let p(w) = w**3 + 33*w**2 - 112*w - 118. Determine p(-36).
26
Let g(j) = 1265*j + 35433. Determine g(-28).
13
Let y(p) = p**2 - 738*p + 7933. Calculate y(11).
-64
Let m(o) = 12*o**2 + 73*o + 7. Determine m(-7).
84
Let p(m) = -2*m**2 + 16*m - 212. What is p(19)?
-630
Let d(m) = -2*m**3 + 3*m**2 - 31*m - 31. Calculate d(5).
-361
Let g(h) = -908*h + 7266. Determine g(8).
2
Let a(k) = -2*k**3 - 47*k**2 + 57*k + 1828. What is a(-23)?
-12
Let c(z) = 4*z**2 + 14*z - 2. Determine c(-3).
-8
Let j(t) = 44*t + 344. Calculate j(-7).
36
Let s(r) = -11*r**2 - 137*r + 81. What is s(-13)?
3
Let p(a) = -3*a**3 - 6*a**2 + 10*a + 21. Determine p(-5).
196
Let s(j) = 924*j - 932. Give s(1).
-8
Let u(p) = -p**3 + 46*p**2 - 239*p - 34. Give u(40).
6
Let i(m) = 4*m**2 - 105*m + 421. Calculate i(4).
65
Let v(a) = -a**3 - 3*a**2 + 189*a - 100. What is v(12)?
8
Let k(z) = -z**3 + 37*z**2 - 28*z - 99. What is k(36)?
189
Let x(l) = 14*l**3 + 10*l**2 + 6*l - 2. Determine x(-1).
-12
Let y(h) = -h**3 - 25*h**2 - 97*h + 29. Calculate y(-20).
-31
Let h(r) = -5*r**2 - 81*r - 84. Calculate h(-15).
6
Let p(b) = -7*b**2 + 45*b + 417. What is p(-9)?
-555
Let g(b) = -1505*b + 10530. Calculate g(7).
-5
Let r(l) = -2*l**3 - 23*l**2 + 142*l - 16. Calculate r(-16).
16
Let j(u) = -5*u**3 - 30*u**2 + 39*u + 32. Calculate j(-7).
4
Let o(f) = 26*f**2 - 572*f - 130. Determine o(22).
-130
Let g(h) = -7*h - 232. Give g(-32).
-8
Let k(z) = -z**2 - 4580*z - 73017. Determine k(-16).
7
Let f(p) = p**3 + 49*p**2 - 53*p - 88. Calculate f(-50).
62
Let r(h) = h**2 + 55*h + 107. What is r(-54)?
53
Let p(f) = f**2 + f - 201. What is p(-16)?
39
Let v(n) = 638*n + 241. Calculate v(-1).
-397
Let t(k) = k**3 - 87*k**2 - 756*k + 24. Give t(-8).
-8
Let g(m) = -30*m**2 - 237*m + 17. Give g(-8).
-7
Let d(k) = -k**2 - 74*k + 18795. Calculate d(105).
0
Let c(s) = 5*s**2 + 27*s - 285. Determine c(6).
57
Let m(r) = -2547*r + 15285. Give m(6).
3
Let n(i) = -i**3 - 5*i**2 + 12*i + 23. What is n(-5)?
-37
Let n(o) = 6*o**2 + 59*o - 29. What is n(0)?
-29
Let k(y) = y**3 - 18*y**2 + 12*y + 27. Determine k(9).
-594
Let i(w) = -66*w + 3006. What is i(44)?
102
Let o(c) = -c**3 - 9*c**2 - 21*c - 36. Determine o(-5).
-31
Let w(k) = k**3 + 8*k**2 - 23*k - 5. What is w(0)?
-5
Let y(x) = -9*x**2 + 23*x - 42. Determine y(5).
-152
Let t(b) = 3*b - 80. What is t(-9)?
-107
Let b(m) = -61*m - 134. Determine b(-2).
-12
Let z(p) = -10*p**2 - 64*p - 154. Determine z(-3).
-52
Let b(n) = n**3 - 54*n**2 - n + 74. Give b(54).
20
Let k(a) = -487*a + 3409. Give k(7).
0
Let v(x) = 193*x - 457. Calculate v(2).
-71
Let d(w) = -20*w**2 - 23*w - 22. Determine d(-1).
-19
Let l(z) = -9*z**2 - 230*z + 77. Determine l(-26).
-27
Let h(m) = m**3 - 18*m**2 + 2*m - 13. Determine h(18).
23
Let i(p) = -p**3 - 24*p**2 - 166*p - 820. Determine i(-17).
-21
Let p(x) = 6*x**3 + 8*x**2 + 30*x + 6. What is p(-3)?
-174
Let l(c) = -c**3 - c**2 - 4*c + 30. What is l(4)?
-66
Let n(m) = m**3 - 56*m**2 - 173*m - 234. Determine n(59).
2
Let o(l) = -32*l + 180. What is o(11)?
-172
Let t(q) = -12*q - 453. What is t(-30)?
-93
Let b(u) = u**2 - 21*u + 294. Calculate b(-20).
1114
Let z(g) = -27*g - 266. Determine z(-11).
31
Let s(t) = 6*t**3 + 18*t**2 - 19. Determine s(-5).
-319
Let h(p) = -3*p + 590. Calculate h(82).
344
Let u(h) = -3*h**2 + 57*h - 345. Calculate u(6).
-111
Let 